 = g*o, -4*o - 4*w - 22 = -90. List the prime factors of o.
2, 3
Let d = -154 - -261. Suppose -4*a - 19 = -d. List the prime factors of a.
2, 11
Suppose 7*v - 128 = 75. What are the prime factors of v?
29
Suppose 0 = 4*t + 14 - 90. List the prime factors of t.
19
Let c be (1 - (-2)/(-2))/(-2). Let t be ((0 - -1) + c)*-6. Let x = t + 10. What are the prime factors of x?
2
Suppose 6*v - 22 = 26. What are the prime factors of v?
2
Suppose -j = 3*f - 245, 0 = 4*f - 6*j + 4*j - 310. List the prime factors of f.
2, 5
Suppose -23*s = -21*s. Suppose s*r - 5*r + 185 = 0. What are the prime factors of r?
37
Let p be (18/(-15))/(3/(-10)). Let g = -32 + 56. Suppose -p*n = 2*x - g, -n + x = -4*x - 17. What are the prime factors of n?
7
Let f(i) = i**3 - 11*i**2 - 18*i - 16. List the prime factors of f(13).
2, 11
Let s(x) = 13*x**3 - 2*x**2 + 1. Let o be s(1). Suppose -2*g + 24 = w, w - o = -g + 3*w. What are the prime factors of g?
2, 3
Let o(a) be the first derivative of a**4/4 + a**3/3 + a**2/2 + 9*a - 2. List the prime factors of o(0).
3
Suppose 3*b + 127 = 3*o + o, 0 = -5*o + 4*b + 158. What are the prime factors of o?
2, 17
Suppose -g = -6 - 6. Let q(k) = k + 8. Let o be q(-4). Let p = g - o. List the prime factors of p.
2
Suppose -3*j - 3 = -0. Let k be 2*j/2 - -77. Suppose c + 80 = 5*o, 3*o = -4*c + k - 5. What are the prime factors of o?
17
Suppose 0*z - 5*z = 0. Suppose 5*j - 2*x - 193 = -z*x, -4*j = 4*x - 132. List the prime factors of j.
37
Let h = -7 - 12. Let b = -16 - h. List the prime factors of b.
3
Suppose 0 = 5*w - 15, 3*u + 4*w = 5*u + 60. List the prime factors of (16/(-6))/(u/36).
2
Suppose -3*h = 3*j - 27, -3*h = -8*h - 3*j + 45. Suppose h*i = 4*i + 30. List the prime factors of i.
2, 3
Suppose 0 = 4*b - 0*n + n - 8, -10 = -5*b - 3*n. Let q be (4/6)/(b/(-18)). What are the prime factors of 0 + 0 + q/(-3)?
2
Let o(h) = h**3 + 4*h**2 + 2*h - 2. Let u be o(-2). Suppose -w - u*n + n = -12, n = 4*w - 48. What are the prime factors of w?
2, 3
Let q(d) = -d - 3. Let u be q(-5). Suppose 2*g + 12 = u*a - 3*a, -g + 3*a - 6 = 0. Let n = g - -17. What are the prime factors of n?
11
Let t(u) = -4*u + 6. Let h be t(-5). Suppose h = w + w. List the prime factors of w.
13
Let b(v) = 10*v - 10. List the prime factors of b(4).
2, 3, 5
Let d = -4 - -2. Let c = d - -3. What are the prime factors of (0 - c)/((-1)/9)?
3
Let w(s) = s**2 + 2*s + 3. Let r be w(-3). Let a(m) = m**2 - 6*m - 7. Let t be a(r). Let u = -2 - t. What are the prime factors of u?
5
What are the prime factors of (66/15)/(1/35)?
2, 7, 11
Suppose 3*g = -g + 32. Let v(i) = -i**2 + 10*i - 8. List the prime factors of v(g).
2
Let h(p) = p**2 + 3*p + 3. What are the prime factors of h(-4)?
7
Let r(j) = 13*j + 7. What are the prime factors of r(3)?
2, 23
Let y = -13 + 75. What are the prime factors of y?
2, 31
Let j(w) = 4*w**2 - 17*w + 21. List the prime factors of j(9).
2, 3
Let s be 26/(-7) - (-4)/(-14). Let n = s - -6. Suppose 2*d - 52 = -n*d. What are the prime factors of d?
13
Suppose 3*o - 10 = -z, 4*z - 4*o = 66 + 38. List the prime factors of z.
2, 11
Let i(c) be the second derivative of 37*c**3/6 - 8*c. List the prime factors of i(1).
37
Let l be 1/(-4) - (-78)/(-8). Let f = 2 - l. List the prime factors of f.
2, 3
Let l be ((-1)/2)/(3/42). Let v = 22 + l. List the prime factors of v.
3, 5
Let u = -7 + 9. Suppose 5*k + 2*f = 56, 46 = 4*k + 4*f - u*f. List the prime factors of k.
2, 5
Suppose 7*t - 2*p = 4*t - 4, -t + 8 = 4*p. Suppose 3*q - 9 = t, -4 = 4*w - q - 3*q. Suppose -5*b = -5*j + 35, -w*b = -3*b + 2. What are the prime factors of j?
3
Let t be 3/4 + 190/(-8). Let b be 2 + (-17 - 2/2). Let a = b - t. List the prime factors of a.
7
Suppose 3*f - 4*o + 9 = 0, 3*o + 15 = -5*f - 0*o. Let m = 12 - f. What are the prime factors of m?
3, 5
Suppose -d - 4 = 0, 0*d = -3*t - 5*d - 11. Suppose w - 2*b - 21 = 0, t*w - 39 - 4 = 2*b. What are the prime factors of w?
11
Suppose 5*v + 6 - 11 = 0. Let t = 6 + v. List the prime factors of t.
7
Let f = -77 + 170. What are the prime factors of f?
3, 31
Let t(o) = -10*o**2 + 9*o - 3. Let m(a) = -a**3 - 1. Let s(r) = m(r) + t(r). List the prime factors of s(-11).
2, 3
Let n be 309/9 + 1/(-3). Let q = 9 + -4. Suppose -q*m + 26 = -n. List the prime factors of m.
2, 3
Let x(w) = -w**2 + 12*w + 2. What are the prime factors of x(9)?
29
Let o(f) = 21*f - 107. List the prime factors of o(18).
271
Suppose -4*d = -d - 420. What are the prime factors of d?
2, 5, 7
List the prime factors of 147 + (0 - (-5)/5).
2, 37
Let r(z) = -13*z**3 + 3*z**2 - 3*z - 7. List the prime factors of r(-2).
5, 23
What are the prime factors of (-7)/(-21) - ((-1480)/6 + -1)?
2, 31
Suppose 0 = -3*b + 27 + 33. What are the prime factors of b?
2, 5
Suppose 5*u + 4*l = -18, -3*l + 7 = -u - 8. List the prime factors of 6/u + (-17)/(-1).
2
Suppose -10*p - 2 = -8*p. List the prime factors of p/2 + 752/32.
23
Suppose 3*z = 3*y - 9, 9*y - 4*y - 18 = 4*z. Let u(p) = p**3 - 5*p**2 - 4*p - 6. What are the prime factors of u(y)?
2, 3
Suppose r = -0*r. Let t(b) = b + r*b**2 + 2 + b**2 + 3*b. List the prime factors of t(-6).
2, 7
What are the prime factors of -5*(-16)/50*60?
2, 3
Suppose 0 = -2*z - b + 92 + 61, -b = -5*z + 365. What are the prime factors of z?
2, 37
Suppose -3*u = -5*a + 9 + 1, -a - 4*u = -25. What are the prime factors of a?
5
Let u(k) be the third derivative of -7*k**4/24 + k**3/3 + k**2. Let s be u(-2). Suppose 2*v - 19 = -p, -3*v + 0*v + s = 4*p. List the prime factors of v.
2, 3
List the prime factors of (4/6)/((-3)/((-6732)/8)).
11, 17
List the prime factors of (-8)/12 - 978/(-9).
2, 3
Let y(h) = -6*h**2 - 2*h + 12. Let s(o) = o**2 - 1. Let z(f) = -5*s(f) - y(f). List the prime factors of z(-6).
17
Let k(n) = n**2 - 7*n - 10. List the prime factors of k(-8).
2, 5, 11
Let i(h) = 40*h + 1. Let m be i(3). Suppose -2*j = 3*j + p - m, 5*j + 2*p = 117. List the prime factors of j.
5
Let t(z) be the third derivative of -z**6/120 + z**5/12 + z**4/8 - z**3 + z**2. List the prime factors of t(4).
2, 11
Suppose -4 + 0 = -o. Suppose -3*b - 17 = -o*b. What are the prime factors of b?
17
Suppose 0 = 5*b - 5*z - 1877 + 522, 1080 = 4*b - 5*z. List the prime factors of b.
5, 11
What are the prime factors of 676/6 + (-9)/(-27)?
113
Suppose -4*d + 82 = 6. List the prime factors of d.
19
Let w be 2/4 + 49/14. Suppose n + 106 = w*s, s + 0*n = 3*n + 21. List the prime factors of s.
3
Let x be 2 - -1 - (1 + 0). Let v = x + 0. List the prime factors of v.
2
Let o(s) = -s**3 - 4*s**2 - 2*s + 5. Let u be 3/(-2 - 15/(-12)). List the prime factors of o(u).
13
Let q(a) = 5*a - 11. What are the prime factors of q(3)?
2
Let x(v) = -7*v - 2. What are the prime factors of x(-19)?
131
Let f(y) = 8*y. Let r be f(3). Let i = r - 15. List the prime factors of i.
3
Let j(z) = -z**3 - 6*z**2 + 8*z + 9. Let r be j(-7). Suppose -n + 39 = r*n. List the prime factors of n.
13
Suppose -4*d + 1 = -3*k - 2*d, 3*k + 13 = -d. Let h be k/(-4) - 1/(-4). Let t = h - -8. What are the prime factors of t?
3
Suppose 3*c + 5*m - 4 = 0, 5*c + 0*c = 3*m + 18. Let g = 6 - -3. Let z = g - c. What are the prime factors of z?
2, 3
Let y = 35 - 25. Suppose y = z + z. What are the prime factors of z?
5
Let i(s) = -10*s + 5 + 0*s + s**2 + 0*s. Let k be i(10). Suppose -2*v + k*v - 60 = 0. List the prime factors of v.
2, 5
Let u = -117 - -181. What are the prime factors of u?
2
Suppose 0*k + 2*k = 170. What are the prime factors of k?
5, 17
Let i = -19 - -7. Let u be 46/i - (-2)/(-12). Let h = 12 - u. What are the prime factors of h?
2
Let p(c) = 4*c**3 + 6*c**2 + 8*c + 3. Let k(u) = -7*u**3 - 13*u**2 - 17*u - 7. Let r(n) = -3*k(n) - 5*p(n). Let w be r(-7). List the prime factors of 8/3*w/12.
2, 3
Suppose -3*f = 9*f - 1548. What are the prime factors of f?
3, 43
Suppose c - 3 = 0, s - 13 = -s - 3*c. Let n be (87/(-6))/((-1)/s). Suppose 31 + n = 5*b. What are the prime factors of b?
2, 3
Suppose 7*q = 3*q - 180. Let i = 75 + q. List the prime factors of i.
2, 3, 5
Let l = 359 - 230. List the prime factors of l.
3, 43
Let g = 274 + -146. Suppose 0*n - g = -3*q + 2*n, 5*n = 5*q - 220. Suppose 3*y - q = -4. List the prime factors of y.
2, 3
Let u = 24 - 5. Let n = u + 5. Suppose h - n = -h. List the prime factors of h.
2, 3
Let m(w) = 